{"id":53,"date":"2024-03-28T17:41:33","date_gmt":"2024-03-28T16:41:33","guid":{"rendered":"https:\/\/laloutiere.fr\/?page_id=53"},"modified":"2025-05-18T10:13:08","modified_gmt":"2025-05-18T08:13:08","slug":"tourisme-en-morvan","status":"publish","type":"page","link":"https:\/\/laloutiere.fr\/index.php\/tourisme-en-morvan\/","title":{"rendered":"Tourisme en Morvan"},"content":{"rendered":"\n<p><strong>Page en construction<\/strong><\/p>\n\n\n\n<p>Dans cette rubrique, vous trouverez des informations touristiques, des liens vers diff\u00e9rentes r\u00e9f\u00e9rences pour organiser votre s\u00e9jour, mais \u00e9galement nos coups de c\u0153ur.<\/p>\n\n\n\n<div style=\"height:30px\" aria-hidden=\"true\" class=\"wp-block-spacer\"><\/div>\n\n\n\n<p>Pour commencer, quelques id\u00e9es et vid\u00e9os, pour vous mettre l&#8217;eau \u00e0 la bouche.<\/p>\n\n\n\n<div class=\"wp-block-columns is-layout-flex wp-container-core-columns-is-layout-9d6595d7 wp-block-columns-is-layout-flex\">\n<div class=\"wp-block-column is-layout-flow wp-block-column-is-layout-flow\">\n<figure class=\"wp-block-embed is-type-video is-provider-youtube wp-block-embed-youtube wp-embed-aspect-16-9 wp-has-aspect-ratio\"><div class=\"wp-block-embed__wrapper\">\n<iframe loading=\"lazy\" title=\"48H DANS LE MORVAN ENTRE AMIS\ud83c\udf32\" width=\"767\" height=\"431\" src=\"https:\/\/www.youtube.com\/embed\/iv-qXqPGc4U?feature=oembed\" frameborder=\"0\" allow=\"accelerometer; autoplay; clipboard-write; encrypted-media; gyroscope; picture-in-picture; web-share\" referrerpolicy=\"strict-origin-when-cross-origin\" allowfullscreen><\/iframe>\n<\/div><\/figure>\n\n\n\n<p><\/p>\n<\/div>\n\n\n\n<div class=\"wp-block-column is-layout-flow wp-block-column-is-layout-flow\">\n<figure class=\"wp-block-embed is-type-video is-provider-youtube wp-block-embed-youtube wp-embed-aspect-16-9 wp-has-aspect-ratio\"><div class=\"wp-block-embed__wrapper\">\n<iframe loading=\"lazy\" title=\"Sports Nature en Morvan\" width=\"767\" height=\"431\" src=\"https:\/\/www.youtube.com\/embed\/-Fka2zJiKyA?feature=oembed\" frameborder=\"0\" allow=\"accelerometer; autoplay; clipboard-write; encrypted-media; gyroscope; picture-in-picture; web-share\" referrerpolicy=\"strict-origin-when-cross-origin\" allowfullscreen><\/iframe>\n<\/div><\/figure>\n<\/div>\n<\/div>\n\n\n\n<p>Pour se baigner, deux salles, deux ambiances : au lac des Settons, qui reste haut toute la saison d&#8217;\u00e9t\u00e9, vous trouverez des petites plages, jeux pour enfants, bars, restaurants et de nombreuses animations comme du jet-ski, bou\u00e9e tract\u00e9e, toboggan et <a href=\"https:\/\/spotyride.com\/spot\/aquapark-lac-des-settons\">aqua parc<\/a>&#8230; et de nombreuses propositions \u00e0 d\u00e9couvrir sur la base <a href=\"https:\/\/activital.net\/loisirs-nautiques-et-terrestres-au-lac-des-settons-dans-le-morvan-2024\/\">Activital<\/a>. Si vous souhaitez un moment plus calme, vous pouvez aussi vous rendre au lac de Panneci\u00e8re, sur la presqu&#8217;ile de Blaisy, pour vous pr\u00e9lasser au bord du lac. Pas d&#8217;engins \u00e0 moteur sur celui-l\u00e0, vous pourrez m\u00eame louer des p\u00e9dalos ! Une aire de jeux est disponible \u00e0 proximit\u00e9.<\/p>\n\n\n\n<p>Pour randonner, nous appr\u00e9cions beaucoup le <a href=\"https:\/\/www.morvansommetsetgrandslacs.com\/sit\/circuit-de-randonnee-boucle-de-la-chapelle-du-banquet\">chemin<\/a> vers la chapelle du banquet. Le point de vue y est magnifique et donne jusqu&#8217;\u00e0 Vezelay ! Avec un peu de temps et de courage, vous pouvez descendre jusqu&#8217;au lac pour piquer une t\u00eate, mais il faudra songer \u00e0 remonter ! ^^<\/p>\n\n\n\n<p>Nous aimons aussi la randonn\u00e9e jusqu&#8217;au Maquis Bernard. A certaines occasions, une visite peut \u00eatre organis\u00e9e, en lien avec le <a href=\"https:\/\/www.museeresistancemorvan.fr\/fr\">mus\u00e9e de la r\u00e9sistance en Morvan<\/a> de Saint-Brisson. C&#8217;est une randonn\u00e9e bois\u00e9e et pleine de solennit\u00e9.<\/p>\n\n\n\n<p>Pour le d\u00e9jeuner ou le d\u00eener, notre coup de c\u0153ur est le restaurant Odessa, situ\u00e9 \u00e0 Lormes (20 min), aussi dans une ancienne \u00e9cole !<\/p>\n","protected":false},"excerpt":{"rendered":"<p>Page en construction Dans cette rubrique, vous trouverez des informations touristiques, des liens vers diff\u00e9rentes r\u00e9f\u00e9rences pour organiser votre s\u00e9jour, mais \u00e9galement nos coups de c\u0153ur. Pour commencer, quelques id\u00e9es &hellip; <\/p>\n","protected":false},"author":1,"featured_media":0,"parent":0,"menu_order":0,"comment_status":"closed","ping_status":"closed","template":"","meta":{"footnotes":""},"class_list":["post-53","page","type-page","status-publish","hentry"],"yoast_head":"<!-- This site is optimized with the Yoast SEO plugin v25.7 - https:\/\/yoast.com\/wordpress\/plugins\/seo\/ -->\n<title>Tourisme en Morvan - G\u00eete la Louti\u00e8re<\/title>\n<meta name=\"robots\" content=\"index, follow, max-snippet:-1, max-image-preview:large, max-video-preview:-1\" \/>\n<link rel=\"canonical\" href=\"https:\/\/laloutiere.fr\/index.php\/tourisme-en-morvan\/\" \/>\n<meta property=\"og:locale\" content=\"en_US\" \/>\n<meta property=\"og:type\" content=\"article\" \/>\n<meta property=\"og:title\" content=\"Tourisme en Morvan - G\u00eete la Louti\u00e8re\" \/>\n<meta property=\"og:description\" content=\"Page en construction Dans cette rubrique, vous trouverez des informations touristiques, des liens vers diff\u00e9rentes r\u00e9f\u00e9rences pour organiser votre s\u00e9jour, mais \u00e9galement nos coups de c\u0153ur. Pour commencer, quelques id\u00e9es &hellip;\" \/>\n<meta property=\"og:url\" content=\"https:\/\/laloutiere.fr\/index.php\/tourisme-en-morvan\/\" \/>\n<meta property=\"og:site_name\" content=\"G\u00eete la Louti\u00e8re\" \/>\n<meta property=\"article:modified_time\" content=\"2025-05-18T08:13:08+00:00\" \/>\n<meta name=\"twitter:card\" content=\"summary_large_image\" \/>\n<meta name=\"twitter:label1\" content=\"Est. reading time\" \/>\n\t<meta name=\"twitter:data1\" content=\"3 minutes\" \/>\n<script type=\"application\/ld+json\" class=\"yoast-schema-graph\">{\"@context\":\"https:\/\/schema.org\",\"@graph\":[{\"@type\":\"WebPage\",\"@id\":\"https:\/\/laloutiere.fr\/index.php\/tourisme-en-morvan\/\",\"url\":\"https:\/\/laloutiere.fr\/index.php\/tourisme-en-morvan\/\",\"name\":\"Tourisme en Morvan - G\u00eete la Louti\u00e8re\",\"isPartOf\":{\"@id\":\"https:\/\/laloutiere.fr\/#website\"},\"datePublished\":\"2024-03-28T16:41:33+00:00\",\"dateModified\":\"2025-05-18T08:13:08+00:00\",\"breadcrumb\":{\"@id\":\"https:\/\/laloutiere.fr\/index.php\/tourisme-en-morvan\/#breadcrumb\"},\"inLanguage\":\"en-US\",\"potentialAction\":[{\"@type\":\"ReadAction\",\"target\":[\"https:\/\/laloutiere.fr\/index.php\/tourisme-en-morvan\/\"]}]},{\"@type\":\"BreadcrumbList\",\"@id\":\"https:\/\/laloutiere.fr\/index.php\/tourisme-en-morvan\/#breadcrumb\",\"itemListElement\":[{\"@type\":\"ListItem\",\"position\":1,\"name\":\"Accueil\",\"item\":\"https:\/\/laloutiere.fr\/\"},{\"@type\":\"ListItem\",\"position\":2,\"name\":\"Tourisme en Morvan\"}]},{\"@type\":\"WebSite\",\"@id\":\"https:\/\/laloutiere.fr\/#website\",\"url\":\"https:\/\/laloutiere.fr\/\",\"name\":\"G\u00eete la Louti\u00e8re\",\"description\":\"\",\"publisher\":{\"@id\":\"https:\/\/laloutiere.fr\/#organization\"},\"potentialAction\":[{\"@type\":\"SearchAction\",\"target\":{\"@type\":\"EntryPoint\",\"urlTemplate\":\"https:\/\/laloutiere.fr\/?s={search_term_string}\"},\"query-input\":{\"@type\":\"PropertyValueSpecification\",\"valueRequired\":true,\"valueName\":\"search_term_string\"}}],\"inLanguage\":\"en-US\"},{\"@type\":\"Organization\",\"@id\":\"https:\/\/laloutiere.fr\/#organization\",\"name\":\"G\u00eete la Louti\u00e8re\",\"url\":\"https:\/\/laloutiere.fr\/\",\"logo\":{\"@type\":\"ImageObject\",\"inLanguage\":\"en-US\",\"@id\":\"https:\/\/laloutiere.fr\/#\/schema\/logo\/image\/\",\"url\":\"http:\/\/laloutiere.fr\/wp-content\/uploads\/2024\/03\/cropped-1-9-logo-1.jpeg\",\"contentUrl\":\"http:\/\/laloutiere.fr\/wp-content\/uploads\/2024\/03\/cropped-1-9-logo-1.jpeg\",\"width\":709,\"height\":709,\"caption\":\"G\u00eete la Louti\u00e8re\"},\"image\":{\"@id\":\"https:\/\/laloutiere.fr\/#\/schema\/logo\/image\/\"}}]}<\/script>\n<!-- \/ Yoast SEO plugin. -->","yoast_head_json":{"title":"Tourisme en Morvan - G\u00eete la Louti\u00e8re","robots":{"index":"index","follow":"follow","max-snippet":"max-snippet:-1","max-image-preview":"max-image-preview:large","max-video-preview":"max-video-preview:-1"},"canonical":"https:\/\/laloutiere.fr\/index.php\/tourisme-en-morvan\/","og_locale":"en_US","og_type":"article","og_title":"Tourisme en Morvan - G\u00eete la Louti\u00e8re","og_description":"Page en construction Dans cette rubrique, vous trouverez des informations touristiques, des liens vers diff\u00e9rentes r\u00e9f\u00e9rences pour organiser votre s\u00e9jour, mais \u00e9galement nos coups de c\u0153ur. Pour commencer, quelques id\u00e9es &hellip;","og_url":"https:\/\/laloutiere.fr\/index.php\/tourisme-en-morvan\/","og_site_name":"G\u00eete la Louti\u00e8re","article_modified_time":"2025-05-18T08:13:08+00:00","twitter_card":"summary_large_image","twitter_misc":{"Est. reading time":"3 minutes"},"schema":{"@context":"https:\/\/schema.org","@graph":[{"@type":"WebPage","@id":"https:\/\/laloutiere.fr\/index.php\/tourisme-en-morvan\/","url":"https:\/\/laloutiere.fr\/index.php\/tourisme-en-morvan\/","name":"Tourisme en Morvan - G\u00eete la Louti\u00e8re","isPartOf":{"@id":"https:\/\/laloutiere.fr\/#website"},"datePublished":"2024-03-28T16:41:33+00:00","dateModified":"2025-05-18T08:13:08+00:00","breadcrumb":{"@id":"https:\/\/laloutiere.fr\/index.php\/tourisme-en-morvan\/#breadcrumb"},"inLanguage":"en-US","potentialAction":[{"@type":"ReadAction","target":["https:\/\/laloutiere.fr\/index.php\/tourisme-en-morvan\/"]}]},{"@type":"BreadcrumbList","@id":"https:\/\/laloutiere.fr\/index.php\/tourisme-en-morvan\/#breadcrumb","itemListElement":[{"@type":"ListItem","position":1,"name":"Accueil","item":"https:\/\/laloutiere.fr\/"},{"@type":"ListItem","position":2,"name":"Tourisme en Morvan"}]},{"@type":"WebSite","@id":"https:\/\/laloutiere.fr\/#website","url":"https:\/\/laloutiere.fr\/","name":"G\u00eete la Louti\u00e8re","description":"","publisher":{"@id":"https:\/\/laloutiere.fr\/#organization"},"potentialAction":[{"@type":"SearchAction","target":{"@type":"EntryPoint","urlTemplate":"https:\/\/laloutiere.fr\/?s={search_term_string}"},"query-input":{"@type":"PropertyValueSpecification","valueRequired":true,"valueName":"search_term_string"}}],"inLanguage":"en-US"},{"@type":"Organization","@id":"https:\/\/laloutiere.fr\/#organization","name":"G\u00eete la Louti\u00e8re","url":"https:\/\/laloutiere.fr\/","logo":{"@type":"ImageObject","inLanguage":"en-US","@id":"https:\/\/laloutiere.fr\/#\/schema\/logo\/image\/","url":"http:\/\/laloutiere.fr\/wp-content\/uploads\/2024\/03\/cropped-1-9-logo-1.jpeg","contentUrl":"http:\/\/laloutiere.fr\/wp-content\/uploads\/2024\/03\/cropped-1-9-logo-1.jpeg","width":709,"height":709,"caption":"G\u00eete la Louti\u00e8re"},"image":{"@id":"https:\/\/laloutiere.fr\/#\/schema\/logo\/image\/"}}]}},"_links":{"self":[{"href":"https:\/\/laloutiere.fr\/index.php\/wp-json\/wp\/v2\/pages\/53","targetHints":{"allow":["GET"]}}],"collection":[{"href":"https:\/\/laloutiere.fr\/index.php\/wp-json\/wp\/v2\/pages"}],"about":[{"href":"https:\/\/laloutiere.fr\/index.php\/wp-json\/wp\/v2\/types\/page"}],"author":[{"embeddable":true,"href":"https:\/\/laloutiere.fr\/index.php\/wp-json\/wp\/v2\/users\/1"}],"replies":[{"embeddable":true,"href":"https:\/\/laloutiere.fr\/index.php\/wp-json\/wp\/v2\/comments?post=53"}],"version-history":[{"count":8,"href":"https:\/\/laloutiere.fr\/index.php\/wp-json\/wp\/v2\/pages\/53\/revisions"}],"predecessor-version":[{"id":263,"href":"https:\/\/laloutiere.fr\/index.php\/wp-json\/wp\/v2\/pages\/53\/revisions\/263"}],"wp:attachment":[{"href":"https:\/\/laloutiere.fr\/index.php\/wp-json\/wp\/v2\/media?parent=53"}],"curies":[{"name":"wp","href":"https:\/\/api.w.org\/{rel}","templated":true}]}}